74?
2, 487
What are the prime factors of 69246?
2, 3, 3847
List the prime factors of 149.
149
List the prime factors of 4200.
2, 3, 5, 7
What are the prime factors of 86?
2, 43
What are the prime factors of 68496?
2, 3, 1427
List the prime factors of 738.
2, 3, 41
List the prime factors of 55466.
2, 27733
What are the prime factors of 36891?
3, 4099
What are the prime factors of 1563?
3, 521
List the prime factors of 18075.
3, 5, 241
List the prime factors of 44512.
2, 13, 107
What are the prime factors of 6993?
3, 7, 37
What are the prime factors of 3?
3
What are the prime factors of 26142?
2, 3, 4357
What are the prime factors of 603?
3, 67
What are the prime factors of 11464?
2, 1433
What are the prime factors of 1358?
2, 7, 97
What are the prime factors of 8016?
2, 3, 167
List the prime factors of 44219.
7, 6317
List the prime factors of 1015.
5, 7, 29
List the prime factors of 2842.
2, 7, 29
What are the prime factors of 3331?
3331
List the prime factors of 94171.
7, 11, 1223
List the prime factors of 157.
157
What are the prime factors of 5693?
5693
What are the prime factors of 3982?
2, 11, 181
List the prime factors of 918.
2, 3, 17
What are the prime factors of 56775?
3, 5, 757
List the prime factors of 14336.
2, 7
What are the prime factors of 27344?
2, 1709
What are the prime factors of 10145?
5, 2029
What are the prime factors of 705?
3, 5, 47
What are the prime factors of 6084?
2, 3, 13
List the prime factors of 37726.
2, 13, 1451
What are the prime factors of 11581?
37, 313
List the prime factors of 4775.
5, 191
List the prime factors of 953.
953
What are the prime factors of 31989?
3, 10663
What are the prime factors of 2818?
2, 1409
List the prime factors of 7720.
2, 5, 193
What are the prime factors of 487?
487
List the prime factors of 23514.
2, 3, 3919
List the prime factors of 1295.
5, 7, 37
What are the prime factors of 1022?
2, 7, 73
What are the prime factors of 4846?
2, 2423
What are the prime factors of 2070?
2, 3, 5, 23
List the prime factors of 859.
859
List the prime factors of 735.
3, 5, 7
What are the prime factors of 5972?
2, 1493
List the prime factors of 1435.
5, 7, 41
What are the prime factors of 6103?
17, 359
List the prime factors of 3222.
2, 3, 179
List the prime factors of 38823.
3, 12941
List the prime factors of 354.
2, 3, 59
List the prime factors of 62764.
2, 13, 17, 71
List the prime factors of 28844.
2, 7211
List the prime factors of 262.
2, 131
What are the prime factors of 7401?
3, 2467
List the prime factors of 2710.
2, 5, 271
List the prime factors of 3569.
43, 83
What are the prime factors of 7307?
7307
What are the prime factors of 154688?
2, 2417
List the prime factors of 3140.
2, 5, 157
List the prime factors of 37006.
2, 18503
What are the prime factors of 2935?
5, 587
List the prime factors of 389.
389
What are the prime factors of 955?
5, 191
List the prime factors of 2397.
3, 17, 47
What are the prime factors of 19627?
19, 1033
What are the prime factors of 7085?
5, 13, 109
What are the prime factors of 24872?
2, 3109
What are the prime factors of 19220?
2, 5, 31
What are the prime factors of 40022?
2, 20011
List the prime factors of 4684.
2, 1171
What are the prime factors of 2988?
2, 3, 83
What are the prime factors of 5334?
2, 3, 7, 127
What are the prime factors of 25214?
2, 7, 1801
What are the prime factors of 65469?
3, 139, 157
List the prime factors of 62831.
83, 757
List the prime factors of 36210.
2, 3, 5, 17, 71
What are the prime factors of 100?
2, 5
List the prime factors of 3138.
2, 3, 523
List the prime factors of 37134.
2, 3, 2063
What are the prime factors of 3732?
2, 3, 311
List the prime factors of 958.
2, 479
List the prime factors of 467.
467
List the prime factors of 7687.
7687
What are the prime factors of 6537?
3, 2179
What are the prime factors of 18259?
19, 31
What are the prime factors of 112194?
2, 3, 23, 271
List the prime factors of 1114.
2, 557
What are the prime factors of 68?
2, 17
What are the prime factors of 10?
2, 5
List the prime factors of 1695.
3, 5, 113
What are the prime factors of 6198?
2, 3, 1033
List the prime factors of 57734.
2, 28867
List the prime factors of 600.
2, 3, 5
What are the prime factors of 36668?
2, 89, 103
List the prime factors of 7071.
3, 2357
List the prime factors of 24905.
5, 17, 293
List the prime factors of 9040.
2, 5, 113
What are the prime factors of 88847?
11, 41, 197
List the prime factors of 8649.
3, 31
What are the prime factors of 83028?
2, 3, 11, 17, 37
List the prime factors of 5335.
5, 11, 97
What are the prime factors of 26175?
3, 5, 349
List the prime factors of 2756.
2, 13, 53
What are the prime factors of 5897?
5897
What are the prime factors of 638?
2, 11, 29
List the prime factors of 15357.
3, 5119
What are the prime factors of 130659?
3, 97, 449
List the prime factors of 96900.
2, 3, 5, 17, 19
What are the prime factors of 4078?
2, 2039
List the prime factors of 10487.
10487
List the prime factors of 45117.
3, 557
List the prime factors of 308.
2, 7, 11
What are the prime factors of 125?
5
What are the prime factors of 10086?
2, 3, 41
List the prime factors of 2250.
2, 3, 5
List the prime factors of 28243.
61, 463
List the prime factors of 1326.
2, 3, 13, 17
List the prime factors of 1521.
3, 13
List the prime factors of 13643.
7, 1949
List the prime factors of 1467.
3, 163
List the prime factors of 6352.
2, 397
List the prime factors of 2248.
2, 281
List the prime factors of 1476.
2, 3, 41
What are the prime factors of 28510?
2, 5, 2851
What are the prime factors of 1059?
3, 353
List the prime factors of 1288.
2, 7, 23
List the prime factors of 10018.
2, 5009
What are the prime factors of 33941?
33941
List the prime factors of 17419.
17419
List the prime factors of 3288.
2, 3, 137
What are the prime factors of 6237?
3, 7, 11
What are the prime factors of 106750?
2, 5, 7, 61
What are the prime factors of 5650?
2, 5, 113
What are the prime factors of 94760?
2, 5, 23, 103
List the prime factors of 820.
2, 5, 41
List the prime factors of 81825.
3, 5, 1091
What are the prime factors of 14754?
2, 3, 2459
What are the prime factors of 4903?
4903
What are the prime factors of 11390?
2, 5, 17, 67
What are the prime factors of 799?
17, 47
List the prime factors of 82325.
5, 37, 89
What are the prime factors of 2567?
17, 151
What are the prime factors of 2039?
2039
List the prime factors of 1947.
3, 11, 59
What are the prime factors of 25049?
37, 677
List the prime factors of 1097.
1097
What are the prime factors of 29597?
17, 1741
List the prime factors of 4414.
2, 2207
List the prime factors of 169347.
3, 19, 2971
List the prime factors of 138401.
138401
List the prime factors of 2126.
2, 1063
What are the prime factors of 10945?
5, 11, 199
What are the prime factors of 1047?
3, 349
List the prime factors of 3574.
2, 1787
What are the prime factors of 12837?
3, 11, 389
List the prime factors of 18847.
47, 401
List the prime factors of 1197.
3, 7, 19
List the prime factors of 50.
2, 5
List the prime factors of 32420.
2, 5, 1621
What are the prime factors of 389?
389
What are the prime factors of 102992?
2, 41, 157
List the prime factors of 4212.
2, 3, 13
List the prime factors of 4381.
13, 337
List the prime factors of 68363.
137, 499
List the prime factors of 2905.
5, 7, 83
List the prime factors of 54563.
54563
List the prime factors of 4394.
2, 13
What are the prime factors of 1060?
2, 5, 53
List the prime factors of 15329.
15329
What are the prime factors of 3979?
23, 173
What are the prime factors of 5827?
5827
List the prime factors of 1462.
2, 17, 43
List the prime factors of 471.
3, 157
What are the prime factors of 48193?
48193
List the prime factors of 397.
397
What are the prime factors of 1173?
3, 17, 23
What are the prime factors of 3106?
2, 1553
What are the prime factors of 682?
2, 11, 31
List the prime factors of 69293.
7, 19, 521
What are the prime factors of 4176?
2, 3, 29
List the prime factors of 2608.
2, 163
List the prime factors of 2172.
2, 3, 181
List the prime factors of 1579.
1579
What are the prime factors of 6791?
6791
What are the prime factors of 22902?
2, 3, 11, 347
What are the prime factors of 62?
2, 31
What are the prime factors of 18735?
3, 5, 1249
What are the prime factor